407*s + 33. What is z(10)?
-37
Let s(b) = b**2 + 15097*b + 932166. Calculate s(-62).
-4
Let g(m) = -697*m - 30782. Give g(-44).
-114
Let o(w) = 655*w**3 - 10*w**2 - 21*w - 7. Calculate o(-2).
-5245
Let r(i) = -8087*i + 40077. Give r(5).
-358
Let b(k) = 951*k + 6360. Calculate b(-6).
654
Let v(x) = 186*x - 4850. Give v(29).
544
Let f(g) = g**3 + 163*g**2 + 6173*g - 319. Give f(-60).
101
Let r(q) = 30*q**3 - 3750*q**2 - 10*q + 1303. Determine r(125).
53
Let w(a) = -81*a**2 + 7682*a + 1377. Determine w(95).
142
Let y(w) = -58*w**2 - 57*w + 48. Calculate y(3).
-645
Let w(z) = 2*z**3 - 79*z**2 - 23*z - 538. Determine w(40).
142
Let g(w) = 47*w**3 - 11*w**2 - 19*w + 5. Calculate g(-2).
-377
Let z(o) = 227133*o - 2271356. Determine z(10).
-26
Let c(v) = -12113*v - 49804. Give c(-4).
-1352
Let v(j) = 252*j**3 + 107*j + 204. What is v(-2)?
-2026
Let z(t) = -2814*t - 16483. What is z(-6)?
401
Let y(v) = v**2 - 416*v + 42532. Determine y(179).
109
Let j(a) = 177307*a - 21276846. Calculate j(120).
-6
Let j(l) = -281*l**2 + 45518*l + 651. What is j(162)?
3
Let w(k) = k**3 - 9*k**2 - 15*k + 102. What is w(-7)?
-577
Let k(f) = -f**3 - 272*f**2 - 18124*f + 1643. What is k(-155)?
-62
Let l(t) = 2*t**3 - 12*t**2 - 17*t - 369. Give l(0).
-369
Let i(s) = -4766*s + 152466. Calculate i(32).
-46
Let l(x) = 2*x**2 - 1118*x + 30637. Calculate l(29).
-103
Let j(l) = 11964*l - 167848. What is j(14)?
-352
Let k(i) = 7*i**3 - 2731*i**2 + 387*i + 1153. What is k(390)?
-17
Let w(p) = 9*p**3 - 11*p**2 - 13*p + 3. Calculate w(-1).
-4
Let n(b) = 246*b - 18949. Calculate n(77).
-7
Let q(m) = -5*m**3 - 417*m**2 + 232*m - 92. Give q(-84).
1588
Let v(p) = -8*p**3 + 829*p**2 - 509*p - 613. What is v(103)?
5
Let z(c) = -c**2 - 68*c + 6574. Determine z(-122).
-14
Let y(v) = 6*v**2 + 1055*v - 9354. Give y(9).
627
Let f(r) = 196*r - 32608. What is f(166)?
-72
Let b(u) = -24210*u + 72625. Calculate b(3).
-5
Let z(o) = -19*o**2 - 167*o - 339. Calculate z(-6).
-21
Let a(w) = -2875*w**2 + 37359*w + 208. Calculate a(13).
0
Let b(x) = x**3 + 87*x**2 + 135*x - 3206. What is b(-85)?
-231
Let c(d) = 78*d + 10466. Calculate c(-86).
3758
Let d(q) = -65*q**2 + 1110*q + 2337. Determine d(19).
-38
Let w(u) = -u**3 + 28*u**2 - 154*u - 317. Determine w(19).
6
Let h(p) = -p**3 - 1048*p**2 - 7360*p - 500. Calculate h(-7).
11
Let x(g) = g**2 + 564*g + 73069. What is x(-202)?
-55
Let f(w) = 269*w + 26814. Calculate f(-101).
-355
Let y(i) = 34*i**2 - 4*i - 13. Determine y(-1).
25
Let v(u) = 7*u**3 + 409*u**2 + 1137*u - 27. Calculate v(-3).
54
Let h(p) = -289*p + 82823. Determine h(265).
6238
Let d(a) = -2*a**3 + 11*a**2 + 269*a + 34. What is d(15)?
-206
Let k(o) = -o**2 + 17433*o - 1301847. Calculate k(75).
3
Let k(s) = -6*s**2 + 174*s + 11714. What is k(61)?
2
Let z(x) = -2*x**3 + 502*x**2 + 7417*x - 1092. What is z(265)?
-1887
Let s(k) = -1070602*k - 3211805. Give s(-3).
1
Let h(j) = -j**2 - 806*j - 33528. Calculate h(-44).
0
Let r(b) = 3*b**3 + 95*b**2 - 16*b + 492. Determine r(-32).
-20
Let p(t) = t**3 - 88*t**2 + 156*t - 9767. Determine p(88).
3961
Let j(p) = -2*p**3 + 147*p**2 - 2432*p + 150. Determine j(25).
-25
Let s(b) = 6457*b + 31212. Give s(-5).
-1073
Let r(d) = 2673*d - 114884. What is r(43)?
55
Let r(l) = 3252*l + 6755. Give r(-2).
251
Let f(n) = -n**3 - n**2 + 352*n + 41. What is f(0)?
41
Let t(i) = i**3 - 8*i**2 - 1334*i + 176. What is t(-34)?
-3020
Let a(h) = -h**2 - 4968*h - 14895. Determine a(-3).
0
Let n(v) = 2633294*v - 15799763. Determine n(6).
1
Let m(o) = -183*o - 19935. Determine m(-108).
-171
Let y(n) = -9*n**3 + 190*n**2 + 1469*n - 1058. Give y(27).
-32
Let m(y) = 34*y**3 - 12036*y**2 + 3*y - 1216. Give m(354).
-154
Let g(z) = -19589*z**2 + 195890*z + 36. Give g(10).
36
Let k(z) = z**3 + 105*z**2 + 406*z - 27446. Give k(-98).
-6
Let v(l) = l**3 - 25*l**2 + 40*l + 378. What is v(24)?
762
Let m(g) = -1640922*g - 6563738. Calculate m(-4).
-50
Let c(u) = 2*u**3 + 52*u**2 + 3156*u + 77659. Calculate c(-25).
9
Let d(q) = -853*q + 11259. Calculate d(13).
170
Let y(d) = 224*d - 13443. Calculate y(61).
221
Let m(w) = -17*w**2 - 37*w + 136. What is m(4)?
-284
Let y(t) = 383*t + 13057. Calculate y(-34).
35
Let j(y) = y**3 - 33*y**2 - 297*y + 3983. What is j(8)?
7
Let n(z) = 2290*z + 75689. Calculate n(-33).
119
Let f(x) = -236*x**2 - 1166*x + 95. Give f(-5).
25
Let n(o) = 3*o**3 + 396*o**2 + o + 156. Give n(-132).
24
Let f(j) = 152343*j - 2742173. Determine f(18).
1
Let b(p) = 1115*p + 977846. Determine b(-877).
-9
Let x(c) = 144*c + 13513. Calculate x(-88).
841
Let u(i) = 1103*i - 11. Give u(0).
-11
Let t(i) = -2*i**3 + 88*i**2 + 61*i - 202. Calculate t(45).
-1507
Let v(t) = -t**3 + 100*t**2 - 221*t + 2447. Calculate v(98).
-3
Let p(h) = 34*h**2 + 993*h + 1845. Calculate p(-2).
-5
Let x(a) = a**3 + 947*a**2 + 1251*a - 1492456. Determine x(-944).
8
Let m(i) = -3*i**2 + 7413*i - 14819. Calculate m(2).
-5
Let d(u) = 28*u**3 - 3*u**2 - 24*u - 37. Calculate d(-3).
-748
Let h(d) = 65*d**2 + 4676*d - 738. Determine h(-72).
-450
Let w(c) = -4813*c - 72200. Determine w(-15).
-5
Let g(y) = -11*y**3 + 12*y**2 - 60*y + 41. Give g(4).
-711
Let l(f) = 194*f + 9044. Give l(-46).
120
Let r(o) = 43*o**2 - 10061*o + 105256. Give r(223).
0
Let n(v) = -3*v**3 + 241*v**2 - 2912*v + 226472. Determine n(80).
-88
Let z(f) = 29*f**2 + 1745*f - 3379. Give z(-62).
-93
Let j(g) = 4*g**3 + 39*g - 361. Calculate j(0).
-361
Let a(c) = 12*c**2 - 129*c - 18. Determine a(3).
-297
Let j(c) = -1187*c + 254274. What is j(214)?
256
Let m(k) = 2636*k - 3955. Determine m(0).
-3955
Let o(z) = 3*z**2 - 199*z - 4788. Calculate o(85).
-28
Let x(z) = -181*z**2 - 6787*z - 3337. Determine x(-37).
-7
Let v(t) = 1505*t + 273376. Calculate v(-182).
-534
Let h(z) = -21379*z + 170859. Calculate h(8).
-173
Let g(b) = 2*b**3 - 103*b**2 + 23*b + 1106. Give g(51).
-322
Let l(y) = -2*y**2 - 378*y + 23324. What is l(-238)?
0
Let b(z) = -z**3 - 140*z**2 + 615*z + 67022. Determine b(-141).
188
Let k(g) = -51682*g - 309849. Determine k(-6).
243
Let o(l) = 341*l + 30321. Calculate o(-89).
-28
Let g(n) = -11*n**3 + 11*n**2 - 2*n - 6. Calculate g(1).
-8
Let c(u) = -2*u**3 + 3735*u**2 - 14890*u - 66. Give c(4).
6
Let v(c) = -996*c + 47270. Calculate v(47).
458
Let q(v) = -3611*v - 148114. Give q(-41).
-63
Let q(k) = 63*k**3 + 1510*k**2 + 72*k + 2857. Calculate q(-24).
-23
Let q(u) = -14*u**2 - 87*u + 335. What is q(-9)?
-16
Let j(n) = 7*n**3 + 171*n**2 - 1846*n - 20276. Determine j(-30).
4
Let h(q) = 4*q**3 - 218*q**2 - 114*q + 1195. Give h(55).
975
Let l(n) = -7870*n**3 + 125917*n**2 + 22*n + 410. Determine l(16).
-6
Let l(t) = -3*t**2 + 67267*t - 470720. What is l(7)?
2
Let u(i) = -4*i**2 - 23614*i + 141829. Calculate u(6).
1
Let q(u) = 6018*u - 66218. Determine q(11).
-20
Let g(v) = -6*v**2 - 11377*v - 45467. Give g(-4).
-55
Let t(p) = 2*p**3 - 7*p**2 + 92*p - 163. What is t(2)?
9
Let o(i) = 17*i**2 + 661*i - 74. Calculate o(-39).
4
Let c(y) = 5*y**2 - 26*y - 247. What is c(-5)?
8
Let p(q) = -q**3 - 106*q**2 - 24*q + 8523. Determine p(-105).
18
Let l(j) = -72185*j + 144353. Give l(2).
-17
Let m(h) = h**3 + 652*h**2 + 1300*h + 186. What is m(-650)?
186
Let w(f) = 6323*f - 51337. Calculate w(8).
-753
Let x(u) = 187728*u - 3754504. Give x(20).
56
Let m(q) = -7*q**2 + 3033*q + 27509. Calculate m(-9).
-355
Let d(z) = 103*z - 44647. What is d(435)?
158
Let k(z) = -7*z**2 - 1796*z - 99497. What is k(-176)?
-233
Let u(q) = q**2 - 3159*q + 83834. What is u(27)?
-730
Let c(d) = 4*d**3 + 72*d**2 - 310*d - 6324. Calculate c(-10).
-24
Let p(c) = 8285*c + 140786. What is p(-17)?
-59
Let l(p) = 75*p**2 + 7280*p - 64. What is l(-97)?
-549
Let r(m) = 16883*m - 101439. Determine r(6).
-141
Let r(c) = 5024*c + 150799. Give r(-30).
79
Let t(v) = -6*v**2 + 214*v + 1602. Calculate t(42).
6
Let t(x) = -2*x**3 - 39*x**2 - 115*x + 395. Calculate t(-8).
-157
Let l(r) = 2*r**3 + 324*r**2 + 282*r - 6478. Give l(-161).
-38
Let t(k) = -56126*k - 897731. What is t(-16)?
285
Let f(z) = 2*z**3 + 69*z**2 + 180*z + 7483. What is f(-35)?
-42
Let n(z) = 311*z**2 - 50096*z + 4015. Give n(161).
-10
Let o(s) = -s**3 - 53585*s + 644752. Calculate o(12).
4
Let s(d) = -3*d**2 + 76*d + 569. What is s(22)?
789
Let k(y) = -y**3 - 564*y - 7570. Give k(-14).
3070
Let o(j) = 17352*j + 104174. 